{"id":1027,"date":"2024-01-04T20:49:46","date_gmt":"2024-01-04T20:49:46","guid":{"rendered":"https:\/\/rareviewgoodies.net\/?post_type=product&#038;p=1027"},"modified":"2024-01-04T20:49:46","modified_gmt":"2024-01-04T20:49:46","slug":"stylo-comptoir-bamboo","status":"publish","type":"product","link":"https:\/\/rareviewgoodies.net\/?product=stylo-comptoir-bamboo","title":{"rendered":"Stylo comptoir Bamboo"},"content":{"rendered":"","protected":false},"excerpt":{"rendered":"<p>Stylo \u00e0 bille r\u00e9ception en bambou avec support autocollant. Le stylo est fix\u00e9 au support par un cordon en coton. Avec encre bleue.<\/p>\n","protected":false},"featured_media":995,"template":"","meta":[],"product_cat":[160,179],"product_tag":[],"_links":{"self":[{"href":"https:\/\/rareviewgoodies.net\/index.php?rest_route=\/wp\/v2\/product\/1027"}],"collection":[{"href":"https:\/\/rareviewgoodies.net\/index.php?rest_route=\/wp\/v2\/product"}],"about":[{"href":"https:\/\/rareviewgoodies.net\/index.php?rest_route=\/wp\/v2\/types\/product"}],"wp:featuredmedia":[{"embeddable":true,"href":"https:\/\/rareviewgoodies.net\/index.php?rest_route=\/wp\/v2\/media\/995"}],"wp:attachment":[{"href":"https:\/\/rareviewgoodies.net\/index.php?rest_route=%2Fwp%2Fv2%2Fmedia&parent=1027"}],"wp:term":[{"taxonomy":"product_cat","embeddable":true,"href":"https:\/\/rareviewgoodies.net\/index.php?rest_route=%2Fwp%2Fv2%2Fproduct_cat&post=1027"},{"taxonomy":"product_tag","embeddable":true,"href":"https:\/\/rareviewgoodies.net\/index.php?rest_route=%2Fwp%2Fv2%2Fproduct_tag&post=1027"}],"curies":[{"name":"wp","href":"https:\/\/api.w.org\/{rel}","templated":true}]}}