{"id":1014,"date":"2024-01-04T19:11:12","date_gmt":"2024-01-04T19:11:12","guid":{"rendered":"https:\/\/rareviewgoodies.net\/?post_type=product&#038;p=1014"},"modified":"2024-06-13T22:39:47","modified_gmt":"2024-06-13T22:39:47","slug":"stylo-bille-avec-stylet","status":"publish","type":"product","link":"https:\/\/rareviewgoodies.net\/?product=stylo-bille-avec-stylet","title":{"rendered":"Stylo bille avec stylet"},"content":{"rendered":"<p>\u00e9l\u00e9gant et ultrafin, ce stylo publicitaire \u00e0 rotation dispose d\u2019un corps en caoutchouc et d\u2019une finition gomme pour un confort d\u2019\u00e9criture optimal<\/p>\n","protected":false},"excerpt":{"rendered":"<p>Stylo bille moderne en aluminium avec stylet pour les \u00e9crans tactiles. M\u00e9canisme twist<\/p>\n","protected":false},"featured_media":989,"template":"","meta":[],"product_cat":[160,177],"product_tag":[],"_links":{"self":[{"href":"https:\/\/rareviewgoodies.net\/index.php?rest_route=\/wp\/v2\/product\/1014"}],"collection":[{"href":"https:\/\/rareviewgoodies.net\/index.php?rest_route=\/wp\/v2\/product"}],"about":[{"href":"https:\/\/rareviewgoodies.net\/index.php?rest_route=\/wp\/v2\/types\/product"}],"wp:featuredmedia":[{"embeddable":true,"href":"https:\/\/rareviewgoodies.net\/index.php?rest_route=\/wp\/v2\/media\/989"}],"wp:attachment":[{"href":"https:\/\/rareviewgoodies.net\/index.php?rest_route=%2Fwp%2Fv2%2Fmedia&parent=1014"}],"wp:term":[{"taxonomy":"product_cat","embeddable":true,"href":"https:\/\/rareviewgoodies.net\/index.php?rest_route=%2Fwp%2Fv2%2Fproduct_cat&post=1014"},{"taxonomy":"product_tag","embeddable":true,"href":"https:\/\/rareviewgoodies.net\/index.php?rest_route=%2Fwp%2Fv2%2Fproduct_tag&post=1014"}],"curies":[{"name":"wp","href":"https:\/\/api.w.org\/{rel}","templated":true}]}}