{"id":1013,"date":"2024-01-04T18:57:22","date_gmt":"2024-01-04T18:57:22","guid":{"rendered":"https:\/\/rareviewgoodies.net\/?post_type=product&#038;p=1013"},"modified":"2024-10-03T21:27:43","modified_gmt":"2024-10-03T21:27:43","slug":"stylo-a-bille-rotatif-en-metal","status":"publish","type":"product","link":"https:\/\/rareviewgoodies.net\/?product=stylo-a-bille-rotatif-en-metal","title":{"rendered":"Stylo \u00e0 bille rotatif en m\u00e9tal"},"content":{"rendered":"<p>stylos \u00e0 bille twist fins avec mine Cross-System \u00e0 encre bleue<\/p>\n","protected":false},"excerpt":{"rendered":"<p>Stylos \u00e0 bille twist fins avec mine Cross-System \u00e0 encre bleue<\/p>\n","protected":false},"featured_media":988,"template":"","meta":[],"product_cat":[160,177],"product_tag":[],"_links":{"self":[{"href":"https:\/\/rareviewgoodies.net\/index.php?rest_route=\/wp\/v2\/product\/1013"}],"collection":[{"href":"https:\/\/rareviewgoodies.net\/index.php?rest_route=\/wp\/v2\/product"}],"about":[{"href":"https:\/\/rareviewgoodies.net\/index.php?rest_route=\/wp\/v2\/types\/product"}],"wp:featuredmedia":[{"embeddable":true,"href":"https:\/\/rareviewgoodies.net\/index.php?rest_route=\/wp\/v2\/media\/988"}],"wp:attachment":[{"href":"https:\/\/rareviewgoodies.net\/index.php?rest_route=%2Fwp%2Fv2%2Fmedia&parent=1013"}],"wp:term":[{"taxonomy":"product_cat","embeddable":true,"href":"https:\/\/rareviewgoodies.net\/index.php?rest_route=%2Fwp%2Fv2%2Fproduct_cat&post=1013"},{"taxonomy":"product_tag","embeddable":true,"href":"https:\/\/rareviewgoodies.net\/index.php?rest_route=%2Fwp%2Fv2%2Fproduct_tag&post=1013"}],"curies":[{"name":"wp","href":"https:\/\/api.w.org\/{rel}","templated":true}]}}